{"id":1290,"date":"2021-04-29T14:32:08","date_gmt":"2021-04-29T12:32:08","guid":{"rendered":"http:\/\/jangumowski.pl\/?page_id=1290"},"modified":"2021-07-19T10:50:14","modified_gmt":"2021-07-19T08:50:14","slug":"witraze","status":"publish","type":"page","link":"https:\/\/jangumowski.pl\/index.php\/witraze\/","title":{"rendered":"Witra\u017ce"},"content":{"rendered":"\t\t<div data-elementor-type=\"wp-page\" data-elementor-id=\"1290\" class=\"elementor elementor-1290\">\n\t\t\t\t\t\t<div class=\"elementor-inner\">\n\t\t\t\t<div class=\"elementor-section-wrap\">\n\t\t\t\t\t\t\t\t\t<section class=\"elementor-section elementor-top-section elementor-element elementor-element-e9373a7 elementor-section-boxed elementor-section-height-default elementor-section-height-default\" data-id=\"e9373a7\" data-element_type=\"section\">\n\t\t\t\t\t\t<div class=\"elementor-container elementor-column-gap-custom\">\n\t\t\t\t\t\t\t<div class=\"elementor-row\">\n\t\t\t\t\t<div class=\"elementor-column elementor-col-100 elementor-top-column elementor-element elementor-element-53ec3d2\" data-id=\"53ec3d2\" data-element_type=\"column\">\n\t\t\t<div class=\"elementor-column-wrap elementor-element-populated\">\n\t\t\t\t\t\t\t<div class=\"elementor-widget-wrap\">\n\t\t\t\t\t\t<div class=\"elementor-element elementor-element-608c54a elementor-widget elementor-widget-heading\" data-id=\"608c54a\" data-element_type=\"widget\" data-widget_type=\"heading.default\">\n\t\t\t\t<div class=\"elementor-widget-container\">\n\t\t\t<h1 class=\"elementor-heading-title elementor-size-default\">Witra\u017ce<\/h1>\t\t<\/div>\n\t\t\t\t<\/div>\n\t\t\t\t<div class=\"elementor-element elementor-element-efd0582 elementor-widget-divider--view-line elementor-widget elementor-widget-divider\" data-id=\"efd0582\" data-element_type=\"widget\" data-widget_type=\"divider.default\">\n\t\t\t\t<div class=\"elementor-widget-container\">\n\t\t\t\t\t<div class=\"elementor-divider\">\n\t\t\t<span class=\"elementor-divider-separator\">\n\t\t\t\t\t\t<\/span>\n\t\t<\/div>\n\t\t\t\t<\/div>\n\t\t\t\t<\/div>\n\t\t\t\t<div class=\"elementor-element elementor-element-779491c elementor-widget elementor-widget-text-editor\" data-id=\"779491c\" data-element_type=\"widget\" data-widget_type=\"text-editor.default\">\n\t\t\t\t<div class=\"elementor-widget-container\">\n\t\t\t\t\t\t\t\t<div class=\"elementor-text-editor elementor-clearfix\">\n\t\t\t\t<p>\u00a0 \u00a0 \u00a0 \u00a0 \u00a0 \u00a0 Krakowsk\u0105 Akademi\u0119 Sztuk Pi\u0119knych, jako ucze\u0144 profesora J\u00f3zefa Mehoffera, ze srebrnym medalem uko\u0144czy\u0142 Jan Gumowski w roku 1907. Niebawem przeni\u00f3s\u0142 si\u0119 do Warszawy i zatrudni\u0142 w Pracowni Witra\u017cy Artystycznych<\/p><p>F. Bia\u0142kowskiego, gdzie, mi\u0119dzy innymi, projektowa\u0142 witra\u017ce do Banku Handlowego w Warszawie, meczetu w Turkiestanie i ko\u015bcio\u0142a w \u017byrardowie. Te ostatnie, wykonane w 1909 r., szcz\u0119\u015bliwie przetrwa\u0142y wojny i nadal zdobi\u0105 boczne nawy ko\u015bcio\u0142a farnego Matki Bo\u017cej Pocieszenia. Skomponowane z motyw\u00f3w kwiat\u00f3w polnych, jak pisze profesor \u017bywicki: &#8222;zachwycaj\u0105 doskona\u0142ym po\u0142\u0105czeniem realistycznego rysunku i m\u0142odopolskiej stylizacji, sugestywn\u0105 kolorystyk\u0105 i przemy\u015blan\u0105 kompozycj\u0105&#8221; (*).\u00a0<\/p><p>\u00a0 \u00a0 \u00a0 \u00a0 \u00a0 \u00a0 Poni\u017cej prezentujemy fotografie okien z witra\u017cami, przedstawiaj\u0105cymi kolejno: chabry, chryzantemy, lilie, maki, malwy i s\u0142oneczniki.<\/p><p>_______________________________________<\/p><h5>(*)\u00a0 Jerzy \u017bywicki\u00a0<em>Jana Gumowskiego motywy polskie. Studium o tekach litograficznych.\u00a0<\/em>Wydawnictwo Uniwersytetu Marii Curie-Sk\u0142odowskiej,<\/h5><h5>\u00a0 \u00a0 \u00a0 Lublin 2003 \u00a0<\/h5>\t\t\t\t\t<\/div>\n\t\t\t\t\t\t<\/div>\n\t\t\t\t<\/div>\n\t\t\t\t<div class=\"elementor-element elementor-element-da057d9 elementor-widget-divider--view-line elementor-widget elementor-widget-divider\" data-id=\"da057d9\" data-element_type=\"widget\" data-widget_type=\"divider.default\">\n\t\t\t\t<div class=\"elementor-widget-container\">\n\t\t\t\t\t<div class=\"elementor-divider\">\n\t\t\t<span class=\"elementor-divider-separator\">\n\t\t\t\t\t\t<\/span>\n\t\t<\/div>\n\t\t\t\t<\/div>\n\t\t\t\t<\/div>\n\t\t\t\t<div class=\"elementor-element elementor-element-18dc087 gallery-spacing-custom elementor-widget elementor-widget-image-gallery\" data-id=\"18dc087\" data-element_type=\"widget\" data-widget_type=\"image-gallery.default\">\n\t\t\t\t<div class=\"elementor-widget-container\">\n\t\t\t\t\t<div class=\"elementor-image-gallery\">\n\t\t\t<div id='gallery-1' class='gallery galleryid-1290 gallery-columns-3 gallery-size-full'><figure class='gallery-item'>\n\t\t\t<div class='gallery-icon portrait'>\n\t\t\t\t<a data-elementor-open-lightbox=\"no\" href='https:\/\/jangumowski.pl\/wp-content\/uploads\/2021\/05\/Chabry_Crop-scaled.jpg'><img width=\"1152\" height=\"2560\" src=\"https:\/\/jangumowski.pl\/wp-content\/uploads\/2021\/05\/Chabry_Crop-scaled.jpg\" class=\"attachment-full size-full\" alt=\"\" loading=\"lazy\" srcset=\"https:\/\/jangumowski.pl\/wp-content\/uploads\/2021\/05\/Chabry_Crop-scaled.jpg 1152w, https:\/\/jangumowski.pl\/wp-content\/uploads\/2021\/05\/Chabry_Crop-135x300.jpg 135w, https:\/\/jangumowski.pl\/wp-content\/uploads\/2021\/05\/Chabry_Crop-585x1300.jpg 585w, https:\/\/jangumowski.pl\/wp-content\/uploads\/2021\/05\/Chabry_Crop-768x1707.jpg 768w, https:\/\/jangumowski.pl\/wp-content\/uploads\/2021\/05\/Chabry_Crop-691x1536.jpg 691w, https:\/\/jangumowski.pl\/wp-content\/uploads\/2021\/05\/Chabry_Crop-921x2048.jpg 921w, https:\/\/jangumowski.pl\/wp-content\/uploads\/2021\/05\/Chabry_Crop-1568x3485.jpg 1568w\" sizes=\"(max-width: 1152px) 100vw, 1152px\" style=\"width:100%;height:222.22%;max-width:1152px;\" \/><\/a>\n\t\t\t<\/div><\/figure><figure class='gallery-item'>\n\t\t\t<div class='gallery-icon portrait'>\n\t\t\t\t<a data-elementor-open-lightbox=\"no\" href='https:\/\/jangumowski.pl\/wp-content\/uploads\/2021\/05\/Chryzantemy_Crop-scaled.jpg'><img width=\"1152\" height=\"2560\" src=\"https:\/\/jangumowski.pl\/wp-content\/uploads\/2021\/05\/Chryzantemy_Crop-scaled.jpg\" class=\"attachment-full size-full\" alt=\"\" loading=\"lazy\" srcset=\"https:\/\/jangumowski.pl\/wp-content\/uploads\/2021\/05\/Chryzantemy_Crop-scaled.jpg 1152w, https:\/\/jangumowski.pl\/wp-content\/uploads\/2021\/05\/Chryzantemy_Crop-135x300.jpg 135w, https:\/\/jangumowski.pl\/wp-content\/uploads\/2021\/05\/Chryzantemy_Crop-585x1300.jpg 585w, https:\/\/jangumowski.pl\/wp-content\/uploads\/2021\/05\/Chryzantemy_Crop-768x1707.jpg 768w, https:\/\/jangumowski.pl\/wp-content\/uploads\/2021\/05\/Chryzantemy_Crop-691x1536.jpg 691w, https:\/\/jangumowski.pl\/wp-content\/uploads\/2021\/05\/Chryzantemy_Crop-921x2048.jpg 921w, https:\/\/jangumowski.pl\/wp-content\/uploads\/2021\/05\/Chryzantemy_Crop-1568x3485.jpg 1568w\" sizes=\"(max-width: 1152px) 100vw, 1152px\" style=\"width:100%;height:222.22%;max-width:1152px;\" \/><\/a>\n\t\t\t<\/div><\/figure><figure class='gallery-item'>\n\t\t\t<div class='gallery-icon portrait'>\n\t\t\t\t<a data-elementor-open-lightbox=\"no\" href='https:\/\/jangumowski.pl\/wp-content\/uploads\/2021\/05\/Lilie_Crop-scaled.jpg'><img width=\"1152\" height=\"2560\" src=\"https:\/\/jangumowski.pl\/wp-content\/uploads\/2021\/05\/Lilie_Crop-scaled.jpg\" class=\"attachment-full size-full\" alt=\"\" loading=\"lazy\" srcset=\"https:\/\/jangumowski.pl\/wp-content\/uploads\/2021\/05\/Lilie_Crop-scaled.jpg 1152w, https:\/\/jangumowski.pl\/wp-content\/uploads\/2021\/05\/Lilie_Crop-135x300.jpg 135w, https:\/\/jangumowski.pl\/wp-content\/uploads\/2021\/05\/Lilie_Crop-585x1300.jpg 585w, https:\/\/jangumowski.pl\/wp-content\/uploads\/2021\/05\/Lilie_Crop-768x1707.jpg 768w, https:\/\/jangumowski.pl\/wp-content\/uploads\/2021\/05\/Lilie_Crop-691x1536.jpg 691w, https:\/\/jangumowski.pl\/wp-content\/uploads\/2021\/05\/Lilie_Crop-922x2048.jpg 922w, https:\/\/jangumowski.pl\/wp-content\/uploads\/2021\/05\/Lilie_Crop-1568x3484.jpg 1568w\" sizes=\"(max-width: 1152px) 100vw, 1152px\" style=\"width:100%;height:222.22%;max-width:1152px;\" \/><\/a>\n\t\t\t<\/div><\/figure>\n\t\t<\/div>\n\t\t<\/div>\n\t\t\t\t<\/div>\n\t\t\t\t<\/div>\n\t\t\t\t<div class=\"elementor-element elementor-element-5479404 gallery-spacing-custom elementor-widget elementor-widget-image-gallery\" data-id=\"5479404\" data-element_type=\"widget\" data-widget_type=\"image-gallery.default\">\n\t\t\t\t<div class=\"elementor-widget-container\">\n\t\t\t\t\t<div class=\"elementor-image-gallery\">\n\t\t\t<div id='gallery-2' class='gallery galleryid-1290 gallery-columns-3 gallery-size-full'><figure class='gallery-item'>\n\t\t\t<div class='gallery-icon portrait'>\n\t\t\t\t<a data-elementor-open-lightbox=\"no\" href='https:\/\/jangumowski.pl\/wp-content\/uploads\/2021\/05\/Maki_Crop-1-scaled.jpg'><img width=\"1152\" height=\"2560\" src=\"https:\/\/jangumowski.pl\/wp-content\/uploads\/2021\/05\/Maki_Crop-1-scaled.jpg\" class=\"attachment-full size-full\" alt=\"\" loading=\"lazy\" srcset=\"https:\/\/jangumowski.pl\/wp-content\/uploads\/2021\/05\/Maki_Crop-1-scaled.jpg 1152w, https:\/\/jangumowski.pl\/wp-content\/uploads\/2021\/05\/Maki_Crop-1-135x300.jpg 135w, https:\/\/jangumowski.pl\/wp-content\/uploads\/2021\/05\/Maki_Crop-1-585x1300.jpg 585w, https:\/\/jangumowski.pl\/wp-content\/uploads\/2021\/05\/Maki_Crop-1-768x1707.jpg 768w, https:\/\/jangumowski.pl\/wp-content\/uploads\/2021\/05\/Maki_Crop-1-691x1536.jpg 691w, https:\/\/jangumowski.pl\/wp-content\/uploads\/2021\/05\/Maki_Crop-1-921x2048.jpg 921w, https:\/\/jangumowski.pl\/wp-content\/uploads\/2021\/05\/Maki_Crop-1-1568x3485.jpg 1568w\" sizes=\"(max-width: 1152px) 100vw, 1152px\" style=\"width:100%;height:222.22%;max-width:1152px;\" \/><\/a>\n\t\t\t<\/div><\/figure><figure class='gallery-item'>\n\t\t\t<div class='gallery-icon portrait'>\n\t\t\t\t<a data-elementor-open-lightbox=\"no\" href='https:\/\/jangumowski.pl\/wp-content\/uploads\/2021\/05\/Malwy_Crop-scaled.jpg'><img width=\"1152\" height=\"2560\" src=\"https:\/\/jangumowski.pl\/wp-content\/uploads\/2021\/05\/Malwy_Crop-scaled.jpg\" class=\"attachment-full size-full\" alt=\"\" loading=\"lazy\" srcset=\"https:\/\/jangumowski.pl\/wp-content\/uploads\/2021\/05\/Malwy_Crop-scaled.jpg 1152w, https:\/\/jangumowski.pl\/wp-content\/uploads\/2021\/05\/Malwy_Crop-135x300.jpg 135w, https:\/\/jangumowski.pl\/wp-content\/uploads\/2021\/05\/Malwy_Crop-585x1300.jpg 585w, https:\/\/jangumowski.pl\/wp-content\/uploads\/2021\/05\/Malwy_Crop-768x1707.jpg 768w, https:\/\/jangumowski.pl\/wp-content\/uploads\/2021\/05\/Malwy_Crop-691x1536.jpg 691w, https:\/\/jangumowski.pl\/wp-content\/uploads\/2021\/05\/Malwy_Crop-921x2048.jpg 921w, https:\/\/jangumowski.pl\/wp-content\/uploads\/2021\/05\/Malwy_Crop-1568x3485.jpg 1568w\" sizes=\"(max-width: 1152px) 100vw, 1152px\" style=\"width:100%;height:222.22%;max-width:1152px;\" \/><\/a>\n\t\t\t<\/div><\/figure><figure class='gallery-item'>\n\t\t\t<div class='gallery-icon portrait'>\n\t\t\t\t<a data-elementor-open-lightbox=\"no\" href='https:\/\/jangumowski.pl\/wp-content\/uploads\/2021\/05\/Sloneczniki_Crop-1-scaled.jpg'><img width=\"1152\" height=\"2560\" src=\"https:\/\/jangumowski.pl\/wp-content\/uploads\/2021\/05\/Sloneczniki_Crop-1-scaled.jpg\" class=\"attachment-full size-full\" alt=\"\" loading=\"lazy\" srcset=\"https:\/\/jangumowski.pl\/wp-content\/uploads\/2021\/05\/Sloneczniki_Crop-1-scaled.jpg 1152w, https:\/\/jangumowski.pl\/wp-content\/uploads\/2021\/05\/Sloneczniki_Crop-1-135x300.jpg 135w, https:\/\/jangumowski.pl\/wp-content\/uploads\/2021\/05\/Sloneczniki_Crop-1-585x1300.jpg 585w, https:\/\/jangumowski.pl\/wp-content\/uploads\/2021\/05\/Sloneczniki_Crop-1-768x1707.jpg 768w, https:\/\/jangumowski.pl\/wp-content\/uploads\/2021\/05\/Sloneczniki_Crop-1-691x1536.jpg 691w, https:\/\/jangumowski.pl\/wp-content\/uploads\/2021\/05\/Sloneczniki_Crop-1-921x2048.jpg 921w, https:\/\/jangumowski.pl\/wp-content\/uploads\/2021\/05\/Sloneczniki_Crop-1-1568x3485.jpg 1568w\" sizes=\"(max-width: 1152px) 100vw, 1152px\" style=\"width:100%;height:222.22%;max-width:1152px;\" \/><\/a>\n\t\t\t<\/div><\/figure>\n\t\t<\/div>\n\t\t<\/div>\n\t\t\t\t<\/div>\n\t\t\t\t<\/div>\n\t\t\t\t\t\t<\/div>\n\t\t\t\t\t<\/div>\n\t\t<\/div>\n\t\t\t\t\t\t\t\t<\/div>\n\t\t\t\t\t<\/div>\n\t\t<\/section>\n\t\t\t\t<section class=\"elementor-section elementor-top-section elementor-element elementor-element-8dc8806 elementor-section-boxed elementor-section-height-default elementor-section-height-default\" data-id=\"8dc8806\" data-element_type=\"section\">\n\t\t\t\t\t\t<div class=\"elementor-container elementor-column-gap-custom\">\n\t\t\t\t\t\t\t<div class=\"elementor-row\">\n\t\t\t\t\t<div class=\"elementor-column elementor-col-50 elementor-top-column elementor-element elementor-element-5fabec2\" data-id=\"5fabec2\" data-element_type=\"column\">\n\t\t\t<div class=\"elementor-column-wrap elementor-element-populated\">\n\t\t\t\t\t\t\t<div class=\"elementor-widget-wrap\">\n\t\t\t\t\t\t<div class=\"elementor-element elementor-element-5898fd4 elementor-widget elementor-widget-text-editor\" data-id=\"5898fd4\" data-element_type=\"widget\" data-widget_type=\"text-editor.default\">\n\t\t\t\t<div class=\"elementor-widget-container\">\n\t\t\t\t\t\t\t\t<div class=\"elementor-text-editor elementor-clearfix\">\n\t\t\t\t<p>\u00a0 \u00a0 \u00a0 \u00a0 \u00a0 \u00a0 Fotografia obok przedstawia sygnatur\u0119 &#8222;rys. J.G.&#8221;, zamieszczon\u0105 w prawym dolnym fragmencie witra\u017ca z malwami. Wbrew jej ewidentnej tre\u015bci, zapewne te\u017c wbrew dokumentom, kt\u00f3rych mo\u017cna by si\u0119 spodziewa\u0107 w ko\u015bcielnym archiwum,\u00a0 liczne opracowania po\u015bwi\u0119cone \u015bwi\u0105tyni, a tak\u017ce przewodniki turystyczne, autorstwo witra\u017cy mylnie przypisuj\u0105\u00a0 Mehofferowi. Szkoda, \u017ce gospodarze parafii dotychczas nie zadbali, by odda\u0107 sprawiedliwo\u015b\u0107 Janowi Gumowskiemu, faktycznemu autorowi dzie\u0142a, kt\u00f3rym si\u0119 szczyc\u0105. Naukowa monografia dokumentuj\u0105ca autorstwo witra\u017cy jest znana<\/p><p>od roku 2003 (*).\u00a0<\/p><p>_______________________________________<\/p><h5>(*)\u00a0 Jerzy \u017bywicki\u00a0<em>Jana Gumowskiego motywy polskie. Studium o tekach\u00a0 \u00a0 \u00a0 \u00a0 litograficznych. <\/em>Wydawnictwo Uniwersytetu Marii Curie-\u00a0 \u00a0 \u00a0 \u00a0 \u00a0 \u00a0 \u00a0 \u00a0 \u00a0 \u00a0 \u00a0 \u00a0 \u00a0 Sk\u0142odowskiej, Lublin 2003 \u00a0<\/h5>\t\t\t\t\t<\/div>\n\t\t\t\t\t\t<\/div>\n\t\t\t\t<\/div>\n\t\t\t\t\t\t<\/div>\n\t\t\t\t\t<\/div>\n\t\t<\/div>\n\t\t\t\t<div class=\"elementor-column elementor-col-50 elementor-top-column elementor-element elementor-element-6f689bb\" data-id=\"6f689bb\" data-element_type=\"column\">\n\t\t\t<div class=\"elementor-column-wrap elementor-element-populated\">\n\t\t\t\t\t\t\t<div class=\"elementor-widget-wrap\">\n\t\t\t\t\t\t<div class=\"elementor-element elementor-element-ce3a750 elementor-vertical-align-middle elementor-position-top elementor-widget elementor-widget-image-box\" data-id=\"ce3a750\" data-element_type=\"widget\" data-widget_type=\"image-box.default\">\n\t\t\t\t<div class=\"elementor-widget-container\">\n\t\t\t<div class=\"elementor-image-box-wrapper\"><figure class=\"elementor-image-box-img\"><img width=\"1312\" height=\"804\" src=\"https:\/\/jangumowski.pl\/wp-content\/uploads\/2021\/05\/Sygnatura-2.jpg\" class=\"attachment-full size-full wp-image-1334\" alt=\"\" loading=\"lazy\" style=\"width:100%;height:61.28%;max-width:1312px\" srcset=\"https:\/\/jangumowski.pl\/wp-content\/uploads\/2021\/05\/Sygnatura-2.jpg 1312w, https:\/\/jangumowski.pl\/wp-content\/uploads\/2021\/05\/Sygnatura-2-300x184.jpg 300w, https:\/\/jangumowski.pl\/wp-content\/uploads\/2021\/05\/Sygnatura-2-768x471.jpg 768w\" sizes=\"(max-width: 1312px) 100vw, 1312px\" \/><\/figure><div class=\"elementor-image-box-content\"><h4 class=\"elementor-image-box-title\">Sygnatura na witra\u017cu z malwami<\/h4><\/div><\/div>\t\t<\/div>\n\t\t\t\t<\/div>\n\t\t\t\t\t\t<\/div>\n\t\t\t\t\t<\/div>\n\t\t<\/div>\n\t\t\t\t\t\t\t\t<\/div>\n\t\t\t\t\t<\/div>\n\t\t<\/section>\n\t\t\t\t<section class=\"elementor-section elementor-top-section elementor-element elementor-element-6bbb912 elementor-section-boxed elementor-section-height-default elementor-section-height-default\" data-id=\"6bbb912\" data-element_type=\"section\">\n\t\t\t\t\t\t<div class=\"elementor-container elementor-column-gap-default\">\n\t\t\t\t\t\t\t<div class=\"elementor-row\">\n\t\t\t\t\t<div class=\"elementor-column elementor-col-100 elementor-top-column elementor-element elementor-element-d43ab99\" data-id=\"d43ab99\" data-element_type=\"column\">\n\t\t\t<div class=\"elementor-column-wrap elementor-element-populated\">\n\t\t\t\t\t\t\t<div class=\"elementor-widget-wrap\">\n\t\t\t\t\t\t<div class=\"elementor-element elementor-element-7ef7b38 elementor-widget-divider--view-line elementor-widget elementor-widget-divider\" data-id=\"7ef7b38\" data-element_type=\"widget\" data-widget_type=\"divider.default\">\n\t\t\t\t<div class=\"elementor-widget-container\">\n\t\t\t\t\t<div class=\"elementor-divider\">\n\t\t\t<span class=\"elementor-divider-separator\">\n\t\t\t\t\t\t<\/span>\n\t\t<\/div>\n\t\t\t\t<\/div>\n\t\t\t\t<\/div>\n\t\t\t\t\t\t<\/div>\n\t\t\t\t\t<\/div>\n\t\t<\/div>\n\t\t\t\t\t\t\t\t<\/div>\n\t\t\t\t\t<\/div>\n\t\t<\/section>\n\t\t\t\t\t\t\t\t\t<\/div>\n\t\t\t<\/div>\n\t\t\t\t\t<\/div>\n\t\t","protected":false},"excerpt":{"rendered":"<p>Witra\u017ce \u00a0 \u00a0 \u00a0 \u00a0 \u00a0 \u00a0 Krakowsk\u0105 Akademi\u0119 Sztuk Pi\u0119knych, jako ucze\u0144 profesora J\u00f3zefa Mehoffera, ze srebrnym medalem uko\u0144czy\u0142 Jan Gumowski w roku 1907. Niebawem przeni\u00f3s\u0142 si\u0119 do Warszawy i zatrudni\u0142 w Pracowni Witra\u017cy Artystycznych F. Bia\u0142kowskiego, gdzie, mi\u0119dzy innymi, projektowa\u0142 witra\u017ce do Banku Handlowego w Warszawie, meczetu w Turkiestanie i ko\u015bcio\u0142a w \u017byrardowie.&hellip; <a class=\"more-link\" href=\"https:\/\/jangumowski.pl\/index.php\/witraze\/\">Czytaj dalej <span class=\"screen-reader-text\">Witra\u017ce<\/span><\/a><\/p>\n","protected":false},"author":3,"featured_media":0,"parent":0,"menu_order":0,"comment_status":"closed","ping_status":"closed","template":"elementor_header_footer","meta":[],"_links":{"self":[{"href":"https:\/\/jangumowski.pl\/index.php\/wp-json\/wp\/v2\/pages\/1290"}],"collection":[{"href":"https:\/\/jangumowski.pl\/index.php\/wp-json\/wp\/v2\/pages"}],"about":[{"href":"https:\/\/jangumowski.pl\/index.php\/wp-json\/wp\/v2\/types\/page"}],"author":[{"embeddable":true,"href":"https:\/\/jangumowski.pl\/index.php\/wp-json\/wp\/v2\/users\/3"}],"replies":[{"embeddable":true,"href":"https:\/\/jangumowski.pl\/index.php\/wp-json\/wp\/v2\/comments?post=1290"}],"version-history":[{"count":100,"href":"https:\/\/jangumowski.pl\/index.php\/wp-json\/wp\/v2\/pages\/1290\/revisions"}],"predecessor-version":[{"id":1847,"href":"https:\/\/jangumowski.pl\/index.php\/wp-json\/wp\/v2\/pages\/1290\/revisions\/1847"}],"wp:attachment":[{"href":"https:\/\/jangumowski.pl\/index.php\/wp-json\/wp\/v2\/media?parent=1290"}],"curies":[{"name":"wp","href":"https:\/\/api.w.org\/{rel}","templated":true}]}}